vided by u.
6
Let w(t) = -t**3 - 7*t**2 - 7*t + 9. Suppose -16*p + 176 = -8*p. Calculate the remainder when w(-8) is divided by p.
19
Let r = -4 - -7. Let x be ((-93)/(-3))/((-2)/8). Let w = x - -127. What is the remainder when w is divided by r?
0
Let j(c) = c**3 + 4*c**2 - 6*c - 1. Let f be j(-5). Suppose -5 - 63 = -f*v. What is the remainder when 47 is divided by v?
13
Let o = -619 + 929. What is the remainder when o is divided by 52?
50
Let r = 10 + -8. Let i be (3 + 0)/3*3. Let x(m) = 2*m - 2. Calculate the remainder when x(i) is divided by r.
0
Let o be 3 + -1 + (-13)/13 - 4. Calculate the remainder when (-9)/(-27) + (-281)/o is divided by 19.
18
Let m(t) = -t**3 + 5*t**2 + 2*t. Suppose 2*a = 3*a + 5. Let s = 10 + a. Calculate the remainder when m(s) is divided by 3.
1
Suppose 2*t - 78 = 50. Let c be (t/80)/(2/50). Let v = c + -13. What is the remainder when v is divided by 4?
3
Suppose -6*g + 1298 = 1238. Calculate the remainder when 867 is divided by g.
7
Calculate the remainder when (5/(100/32))/((-4)/(-100)) is divided by 6.
4
Let g(b) = 2*b - 1. Suppose -4*d - 3 = 25. What is the remainder when (68/10)/(d/(-35)) is divided by g(4)?
6
Let d(h) = -h**2 + 5*h + 7. Suppose 3*l + z = 97, 0 = 5*l + 4*z - 149 - 15. What is the remainder when l is divided by d(5)?
4
Let z = 2169 - 2159. Calculate the remainder when -49*(2 - 6/2) is divided by z.
9
Let q(z) = z**3 - 7*z**2 + 3*z - 3. Suppose -238 + 356 = 2*p. What is the remainder when p is divided by q(7)?
5
Let p(s) = s**2 + 45*s + 404. What is the remainder when p(-11) is divided by (4/5)/((-2)/(-40))?
14
Let n(r) = -r + 1. Let f be n(-10). Let i = 21 - f. Suppose 3*c - i = 5, -3*v = 4*c - 101. Calculate the remainder when 134 is divided by v.
26
What is the remainder when (6 - 576/(-27)) + 4/6 is divided by 23?
5
Suppose -5*c - 25*l + 22*l = -277, -5*c + 278 = 2*l. Let x = 32 - 13. Calculate the remainder when c is divided by x.
18
Let j(q) = 6*q - 6 + 4*q - 1 - 6*q. Calculate the remainder when 2/4 + 98/4 is divided by j(4).
7
Let y(a) = -a**3 - 6*a**2 - 5*a. Let v be y(-5). Suppose -x + v + 4 = 0, -3*j + x = -47. Let t = -1 + j. What is the remainder when t is divided by 10?
6
Suppose -82*v - 1782 = -104*v. Suppose -3*h + 29 = -7. Calculate the remainder when v is divided by h.
9
Suppose 0 = -26*g + 449 - 59. What is the remainder when 110 is divided by g?
5
Let t(w) = -6*w - 4. Let n be t(-2). Let u be 22/n + 7/28. What is the remainder when 2 - (-3 + -18)/u is divided by 3?
0
Suppose -5*l = -4*q - 19, -2*l - 17 = -5*l + q. Let u(h) = 7*h + 2*h + 0*h**3 - 9 + h**3 - l*h**2. Calculate the remainder when u(6) is divided by 5.
4
Let q(t) = 16*t + 91. Calculate the remainder when 405 is divided by q(-5).
9
Let k be (-14)/21*1*-9. Suppose -k*a = -8 - 10. Suppose -x - 4*b = -18, 54 = a*x + 5*b - b. What is the remainder when 71 is divided by x?
17
Let h = 588 + -572. What is the remainder when 511 is divided by h?
15
Suppose 11*v + 9*v = 2560. What is the remainder when v is divided by 43?
42
Suppose -6*f + 401 = -379. What is the remainder when f is divided by 58?
14
Suppose p = 2*p - 66. Suppose 11*d - 140 = 47. Calculate the remainder when p is divided by d.
15
What is the remainder when (6/(-3))/(2/(-945)) is divided by 79?
76
Suppose 0 = g - 2*d - 5 - 22, -2*d = 0. Let x = -52 + 14. Let n = 53 + x. What is the remainder when g is divided by n?
12
Suppose -2*s = s - 96. Let k = -9 - -18. Calculate the remainder when s is divided by k.
5
Suppose -16 = -k - 18. Calculate the remainder when 29 is divided by k - (-1 + -4*3).
7
Let u be ((-12)/(-15))/((-1)/(-5)). Suppose u*v - 9 = 207. What is the remainder when v is divided by 15?
9
Let z = -1334 + 1356. Suppose 5*i - n - 23 = 0, -19 = -5*i + 2*n + n. What is the remainder when z is divided by i?
2
Suppose -2*m - 5*u + 19 = 0, 6*u - 29 = -2*m + 3*u. What is the remainder when 505 is divided by m?
21
Let j(k) = -2*k + 12. Let o be j(0). Let w(v) = -2*v + 17 - 20 + o. Calculate the remainder when 79 is divided by w(-9).
25
Suppose 26 - 62 = -2*z. Suppose -130 = -4*d - z. What is the remainder when d is divided by 6?
4
Let k = 46 - 23. Let g be (-12)/10*(-15)/6. Suppose -2*b + 14 = 2*u, 2*b = -b + g. Calculate the remainder when k is divided by u.
5
Let p(n) = n**2 - 9*n - 6. Let v(x) = -3*x + 12. Let w(k) = 1. Let z(d) = -v(d) - w(d). Calculate the remainder when z(6) is divided by p(10).
1
Let a = 1699 + -1664. Calculate the remainder when 98 is divided by a.
28
Let u = 13 + 2. Suppose 5*q - 90 = -u. Let i = -6 + q. What is the remainder when 33 is divided by i?
6
Let v(y) be the third derivative of y**6/120 + 11*y**5/60 + 3*y**4/8 + y**3 + 2*y**2 - 25*y. What is the remainder when 29 is divided by v(-10)?
13
Suppose 3 = 2*k + 37. Let n be 1 - (k - (1 - 4)). Let a = -9 + n. What is the remainder when 23 is divided by a?
5
Let s be 125/175 + (-2)/(-7). Let o = 20 + s. What is the remainder when 40 is divided by o?
19
Suppose 10*z - 521 = 459. Suppose -4*g + 61 = -39. What is the remainder when z is divided by g?
23
Let o(c) = -c**2 - 15*c - 18. Suppose 4*n = 5*n + 14. Let q be o(n). What is the remainder when 22 is divided by q*(-4)/8 - -11?
9
Let x = -101 - -21. Let o = 149 + x. What is the remainder when o is divided by 18?
15
Let x = 194 + -72. Calculate the remainder when 240 is divided by x.
118
Suppose -24 = -i + 28. Calculate the remainder when (0 + 206/(-4))*(0 + -2) is divided by i.
51
Calculate the remainder when 6 is divided by (-126)/(-21) + 1*(-2 + -1).
0
Suppose 2*d - 17*d = -585. Suppose d = -23*k + 26*k. Calculate the remainder when 24 is divided by k.
11
Let g = 219 - 41. What is the remainder when g is divided by 38?
26
Suppose 0 = l - 5*l + 144. Suppose -5*i = -3*v + 50, -i + l = 2*v - 3*i. Suppose 0*o + 3*o - 114 = 0. What is the remainder when o is divided by v?
18
Suppose 5*o = -5*f + 45, -2*o = f - 4 - 9. Let b = 1 + f. What is the remainder when 4/6*81/b is divided by 3?
0
Let o = 5 + -8. What is the remainder when 67 is divided by (-53)/o - ((-4)/(-3))/(-1)?
10
Suppose z - 2*l = -0*l + 25, -3*l + 78 = 4*z. Suppose -11 - 77 = -11*m. Calculate the remainder when z is divided by m.
5
Suppose 3*f = -m + 53, -m + 2*f = -0*f - 63. Calculate the remainder when m is divided by (-2 + 7)*32/10.
11
Suppose -2*y + p = -25, y + 0 = p + 15. Let u = y - 13. Let c(t) = -10*t - 4. Calculate the remainder when c(u) is divided by 7.
5
Let v = 4 + 18. Let y = -5 + 1. Calculate the remainder when v is divided by y*(-5 - (-3)/1).
6
Let l = 2 + 3. Suppose v - 2*v = 0. Suppose -l*p = -v*p + 5*u - 385, 2*u = -p + 80. Calculate the remainder when p is divided by 19.
17
Suppose q + 22 = -3*z + 96, 2*q + 5*z - 147 = 0. Calculate the remainder when q is divided by ((-36)/(-5))/(-21*23/(-2415)).
35
Let h(l) = -l**3 - 11*l**2 + 13*l + 12. Let w be h(-12). Suppose -2*u = -w*u - 28. What is the remainder when 55 is divided by u?
13
Let g = 63 - 45. Suppose d = 2*x + 55, 2287 = 44*d + 5*d + 4*x. What is the remainder when d is divided by g?
11
Let p(l) = -l**2 + 9*l + 3. Let n = 2844 + -2832. What is the remainder when p(5) is divided by n?
11
Let r(l) = -57*l + 725. What is the remainder when r(10) is divided by 25?
5
Suppose 0 = -3*u + 155 + 1. Let l(t) = -t**3 - 10*t**2 - 4*t - 4. Let y be l(-10). Let q = 54 - y. What is the remainder when u is divided by q?
16
Let f = 58 - 28. Calculate the remainder when (96/f)/((-4)/(-70)) is divided by 15.
11
Let h be 230/15 - 2*(-4)/12. Calculate the remainder when 5 is divided by (-14 + h)/(0 + (-4)/(-10)).
0
Let q be 4/10 - 128/20. Let i(x) = -x**3 - x**2 - 4. What is the remainder when i(-4) is divided by (10/(-4))/(q/36)?
14
Let a = -495 - -507. Calculate the remainder when 237 is divided by a.
9
Suppose 0 = -5*c - 25, 4*c + 120 + 17 = k. Calculate the remainder when k is divided by 66.
51
Let i(v) = -v**2 + v - 1. Let w(g) = -6*g**2 + 3*g + 7. Let l(n) = -4*i(n) + w(n). Calculate the remainder when 15 is divided by l(0).
4
Let b(p) = -4*p**3 - p**2 + 3*p + 2. Let o = 586 + -415. Suppose 4*m = o + 209. Calculate the remainder when m is divided by b(-2).
23
Let t(c) = c - 4. Let y be t(4). Let g(w) = 25 - 7 + 11 + w + 2. Calculate the remainder when g(y) is divided by 11.
9
Let x(i) = -3 + 2 + 2*i - 1 